 - 30) + (5 - 15))
-67
32 + (14 - (36 - (11 - 8 - 2)))
11
-30 + 36 + -4 + -2
0
What is (-1 - (82 + 4 + 2)) + 24 + -45 + 29?
-81
What is -73 - -52 - -1 - (-7 - 0)?
-13
Evaluate 43 - (-10 + (10 + 12 - -7)).
24
Evaluate -15 + 7 - -21 - (-17 - (-41 - -35)).
24
What is the value of 18 + 56 + 17 + -42?
49
42 + (16 - 2 - (13 + -1 + 1))
43
20 - (1 - -12) - 94 - (3 + 13)
-103
Calculate (-52 - 16) + 139 + (0 - -16).
87
What is the value of (115 + -127 - (-27 + 2 - 0)) + -3?
10
Calculate 285 + -193 - (2 - (8 - 21)).
77
(-4 - 0 - -4) + -420 + 378 - -19
-23
-3 + -44 + -103 + 75 + -43
-118
-18 - (-23 + 6) - 23 - 17
-41
Evaluate 11 + (-16 + 14 - -11 - (64 + -5 + -4)).
-35
What is -3 - (34 + -22 + (-63 - -21))?
27
Evaluate 98 + 5 - (1302 - 1116).
-83
Calculate 20 - 1 - (49 - 50).
20
What is the value of -5 + -1 - (18 + 11 + 48 + -238)?
155
What is the value of 102 - (-2 + 4) - (72 - (123 - 40))?
111
What is (50 - 41 - -52) + -47?
14
Evaluate -4 + 24 + -5 - (36 - 31).
10
What is -5 + (-6 - 11 - -8) + -46 - -16?
-44
2 + -17 + -5 - (-112 + 44)
48
Evaluate -1 + 2 - 5 - ((-12 - -9) + 38).
-39
Calculate (-171 - -28) + -28 + 122.
-49
What is 27 - (1 + 35 - (30 - 31))?
-10
What is the value of -56 - -73 - -24 - 85?
-44
(2 + -2 - 2) + (30 - 2) + (38 - 40)
24
Evaluate (-3 - 1 - 8) + (-53 - -25).
-40
Evaluate -88 + (125 - 57) - (2 + -70).
48
Evaluate -1 + 0 + (-49 - (-120 + 118)).
-48
What is the value of (4 - 2) + 2 + -14 + (-575 - -614)?
29
29 - (59 + 9 - 21)
-18
55 + (-2 - (-9 - (-16 + 10) - -11)) + 5
50
-201 + 255 + (-3 - (3 - 2))
50
What is the value of -40 - (4 - 43 - 16)?
15
-3 + 2 + 11 + (-23 - (-50 - -42)) + -55
-60
28 + (66 - (-44 + 148))
-10
98 + 22 + -200 - -147
67
104 + -135 + 66 + -2 + -12
21
What is the value of (15 - 7 - 9) + 1 + (-8 - -5 - 37)?
-40
What is 0 + 5 - (-2 + -11 + (-7 - -4) - -42)?
-21
What is the value of (-66 - (-71 - 1)) + 51?
57
Calculate -18 + 25 + -8 + 24 + -63.
-40
Evaluate (7 - (-5 - (-14 + 2))) + -5 - -5 - -25.
25
Evaluate 1 - (0 - 1) - (158 - 32 - 126).
2
Calculate 3 + -71 + 64 + 1 + (3 - -1) + -23.
-22
What is 5 + 4 + -3 + -8 + 3 - 7?
-6
(58 + -29 - -2 - 16) + 3
18
2 + 1 + 2 + -9 + -58 + 9
-53
Evaluate 1 + -1 + 1 - (-20 - -40).
-19
Calculate 0 - (-3 + 98 + -4 + -23).
-68
Calculate -91 - -140 - (-5 + -4 + 1) - (-23 + 8).
72
Evaluate (-5 - 46) + 65 - (2 + 8) - -22.
26
Calculate 57 + 88 + (-203 - 22).
-80
What is 57 - 18 - (-14 + (38 - 9))?
24
Evaluate (1 - 30) + (99 - (-13 - -31)).
52
What is -26 + 0 + (-3444 - -3455)?
-15
Calculate 6335 + -6362 + (0 - -87 - -2).
62
What is the value of -18 - (1 - (-3 - 2))?
-24
What is the value of 47 - (-103 + 266 + -124)?
8
66 + -34 + -41 - -101
92
8 + -47 + (269 - 222)
8
What is the value of -7 - -12 - (-9 - -5) - (342 + -371)?
38
What is the value of (32 - 33) + -63 + 90?
26
Evaluate -60 - -17 - -18 - 18.
-43
Evaluate -4 + -15 - (-1 + 5).
-23
What is the value of 1 - -21 - (38 + -104 + 36 + -38)?
90
Evaluate (-5 + 5 + 5 - 3) + 796 + -811.
-13
What is 11 + (108 + 5 + -26 - 2)?
96
Calculate -11 + (-48 - (28 + (28 - 80))).
-35
Calculate -20 - (-26 + 105 - 91).
-8
-3 + -11 + -4 + (-56 - 5) + -5 + 5
-79
Evaluate 88 + (-341 - -137) + 30.
-86
What is -11 + 0 + (77 - (25 + -55))?
96
Calculate 1 + -3 + 2 - 2 - 5 - (1006 + -986).
-27
-10 + -51 + -8 + 37
-32
What is 55 - (3155 - 3115 - (20 + -1))?
34
Calculate (46 - -11) + -64 + -57.
-64
(17 - -10) + 211 + -236
2
15 - (-173 + 205 - (29 - -1))
13
Calculate 2 + -17 + -34 + 46.
-3
What is 2 + (48 - (118 + 15))?
-83
What is 0 + -12 + (15 - (69 - 59)) + -34?
-41
(-142 - (29 - 101)) + (-1 - 8)
-79
What is (20 - (25 + -1) - 4) + (13 - 7)?
-2
What is the value of -6 + 29 + -11 + -7 + 3 + -6?
2
Evaluate -8063 - -8129 - (-1 - 15).
82
Evaluate -63 + 36 + 14 - (3 - (-1 + -31)).
-48
What is the value of -54 + 110 + (16 - 25) + 1 + -1?
47
What is the value of 40 - (109 + -52 + -14)?
-3
Calculate 2 - 7 - (22 + 59 + -15 + 2).
-73
What is (-42 - (6 - 1 - (-19 + 23))) + (-51 - -62)?
-32
What is -23 - -47 - 32 - (-3 - 43)?
38
Evaluate (15 - (11 + -3 - (3 + -9))) + -9.
-8
Calculate 131 + 253 + -389 - (-47 - 0).
42
What is the value of 21 - (10 + 0) - -33 - -12 - 16?
40
Evaluate -96 + 28 - -62 - (-11 + 2).
3
What is 24 + -7 - (425 + -370)?
-38
Evaluate (-2 - 2) + -188 + 227.
35
Evaluate -77 + 175 + -105 + 3 + 1 - -39.
36
What is 17 - (21 + -96 + 29 + -1 + 0)?
64
Evaluate (90 - -4 - (-1 + 1)) + (71 - 152 - -76).
89
What is the value of (4 - (-7 - (-9 + 6))) + (-7 - (-12 - -14))?
-1
What is 30 + 0 - (36 - (-40 - -66)) - -13?
33
Calculate (-4 + -1 + 9 - -18) + 14 - -7.
43
What is the value of 8317 - 8297 - (14 - (1 + -1))?
6
Calculate 8 + (9 - 14 - (-16 - -3)).
16
Calculate -73 - (-165 - -1) - 50.
41
What is -1663 - -1570 - (0 + -100)?
7
What is the value of (-7 - 0) + (37 + -36 - -19) + 40?
53
Calculate 127 + (94 - (110 + 32)).
79
What is 107 - 3 - (10 + -23 + 27 - -5)?
85
What is -13 - ((-7 - 20) + -8 + 7 + 12)?
3
-94 - 2 - (-589 + 574)
-81
Evaluate -49 + 27 - (-12 + (16 - 6) - 8).
-12
Evaluate -14 + 18 + 1 + -1 + 6689 + -6728.
-35
Evaluate -3 - (-4 - -18) - (286 - 336).
33
What is 28 + -12 + 1 + -28 + 10?
-1
Calculate -2 - -20 - (73 + -68) - 45.
-32
Evaluate (-32 + 22 - -16) + (-29 - -11).
-12
What is (2 + 11 - (45 + -69 + 41)) + -5?
-9
-4 - -1 - (-14 - -5 - -5 - -11 - 8)
-2
-50 - (-13 - -6) - ((-4 - -10) + (1 - -2))
-52
Calculate -4 + -65 + -7 + (322 - 324).
-78
What is the value of 13 + -45 + 3 + 59?
30
What is -1 - -8 - 21 - (9 + 0 + (17 - 26))?
-14
0 + -27 + (3 - 11 - -2) + 237 + -236
-32
Calculate 11 - (19 + -11 + -14) - -4.
21
What is -45 + 26 + 15 - 31?
-35
Evaluate -5 - -16 - (-7 - (-14 + -21)).
-17
1327 + -1326 + (1 - -36)
38
What is -6 - ((14 - 8 - 20) + (95 - 3))?
-84
Evaluate 20 + 19 + (-3 - (13 + 1)).
22
Calculate (12 - -9) + 76 + -141.
-44
What is the value of 6 + -12 - 7 - (-9 - (13 + -3))?
6
Calculate -30 + (-34 + 16 - -38) - -32.
22
What is -68 + 46 - (1 + -37) - -2?
16
What is the value of -1 + (12 - (24 - 22 - -10))?
-1
Calculate -6 + (-18 - (5 + -17)) + (-3 - -2).
-13
What is the value of 1 - -13 - (0 - 5 - (153 + -29 + -21))?
122
Evaluate 106 + 46 + 40 + -117.
75
37 + -14 + -13 + -8 - 3 - 31
-32
Calculate (2 - (-5 + -2)) + (-5 - (22 + -14)) + -55.
-59
Calculate 26 + 0 - (-75 + 96).
5
Evaluate (26 - 26) + 3 + (-15 - -55).
43
What is 1 - (0 - -3) - (-8 - (-88 - -37))?
-45
Evaluate -5 - (-18 + 47 + -9 + (-2 - 63)).
40
Evaluate -2903 + 3026 - (0 + 55).
68
What is the value of 118 - 66 - 32 - (1 - -54)?
-35
Calculate 47 + (-10 - ((-269 - -278) + -8 + 0)).
36
(-70 - (29 + -110)) + 34
45
2 + 3 + -20 - (-610 - -620)
-25
Evaluate (4 - -2) + (12 - 79) + 1.
-60
Calculate -36 - (-47 + (-25 - -43)).
-7
What is the value of 169 - ((99 - 107) + 77)?
100
What is -120 - ((-1 + 17 - 33) + 18) - -20?
-101
What is (-7 - 1) + (20 - 5) + 46 + (-3 - 0)?
50
Evaluate 29 + 22 + -66 - 20.
-35
Evaluate 5 + 1 + -6 + (31 - 45) + 46.
32
What is the value of -67 + 90 + -31 + (13 - (-5 - -19))?
-9
Evaluate 0 - -35 - (-48 + (-12 - -37) + 17).
41
What is (0 - 12) + (101 + -77 - 4) + 7?
15
(32 - (0 + 43)) + 7 + 2 + -3
-5
Evaluate -9 - -41 - (-110 + 132).
10
What is the value of -103 + 107 + -200 + 97?
-99
Calculate 89 - (33 + 12) - (-2 + -5).
51
What is -94 - (-45 - 59 - -50)?
-40
(24 - (-12 + -8)) + (-6 - -3) + 4
45
What is -8 + 13 + (-62 - -17) + (1 - 11)?
-50
What is -8 + ((-38 - -32) + 3 + -4 - -14)?
-1
What is the value of 31 - 33 - (-9 + 11) - 38?
-42
What is the value of (-27 - 3) + (-11 - -1) + (-8 - (-16 + 5))?
-37
Evaluate 18 + -57 + 14 - -35.
10
What is 4 - 31 - (15 - 1 - (226 + -225))?
-40
Evaluate -57 + 35 + -4 + 23 - -70.
67
Evaluate 5 - (-33 - -1) - (1597 + -1508).
-52
Evaluate 789 - 825 - (8 + -155).
111
What is -5 + (-14 - -15 - -6 - -10) + -7?
5
Calculate (15 - (-9 + 7)) + -128 - -28.
-83
What is the value of 37 - (-49 - -88 - 21)?
19
Calculate (-2 - (-39 + -10 + 12) - 1) + -10.
24
Evaluate -2 - (-11 - (5 - (18 - 6))) - 28.
-26
Evaluate 19 + -6 + -17 - -15 - 25.
-14
Calculate -94 - (44 + -52 - (4 - (5 + 1))).
-88
What is (-32 - -4) + (4 - (1 - 2) - (88 + -78))?
-33
1 + -42 - (153 + -197) - -36
39
What is the value of (-39 - (-4 + -24 - -9)) + -2?
-22
(-23 - (-120 - -51)) + -44 + -1 + -92
-91
Evaluate -14 - (0 - (18 - 18)) - -14.
0
Calculate 4 - (10 + -4) - (-216 + 230